{"id":18,"date":"2022-09-16T10:26:55","date_gmt":"2022-09-16T08:26:55","guid":{"rendered":"https:\/\/cen.ujk.edu.pl\/new\/?page_id=18"},"modified":"2026-02-27T12:44:39","modified_gmt":"2026-02-27T11:44:39","slug":"o-nas","status":"publish","type":"page","link":"https:\/\/cen.ujk.edu.pl\/new\/o-nas\/","title":{"rendered":"O NAS"},"content":{"rendered":"\r\n<p>O Centrum Edukacji Nauczycielskiej UJK<\/p>\r\n\r\n\r\n\r\n<p>Centrum Edukacji Nauczycielskiej jest jednostk\u0105 mi\u0119dzywydzia\u0142ow\u0105 podporz\u0105dkowan\u0105 prorektorowi ds. kszta\u0142cenia. Realizuje dzia\u0142ania w zakresie merytorycznego wsparcia, koordynowania, monitorowania i weryfikowania kszta\u0142cenia organizowanego przez Uniwersytet dla student\u00f3w studi\u00f3w pierwszego stopnia, drugiego stopnia, jednolitych magisterskich stacjonarnych i niestacjonarnych oraz studi\u00f3w podyplomowych przygotowuj\u0105cych do wykonywania zawodu nauczyciela zgodnie z obowi\u0105zuj\u0105cym Standardem i innymi, wewn\u0119trznymi i zewn\u0119trznymi, aktami normatywnymi.<\/p>\r\n<p><a href=\"https:\/\/cen.ujk.edu.pl\/new\/wp-content\/uploads\/2026\/02\/Zarzadzenie-nr-40-2026-Regulamin-CEN-UJK-Zalacznik.pdf\">Regulamin CEN UJK<\/a><\/p>\r\n","protected":false},"excerpt":{"rendered":"<p>O Centrum Edukacji Nauczycielskiej UJK Centrum Edukacji Nauczycielskiej jest jednostk\u0105 mi\u0119dzywydzia\u0142ow\u0105 podporz\u0105dkowan\u0105 prorektorowi ds. kszta\u0142cenia. Realizuje dzia\u0142ania w zakresie merytorycznego wsparcia, koordynowania, monitorowania i weryfikowania kszta\u0142cenia organizowanego przez Uniwersytet dla student\u00f3w studi\u00f3w pierwszego stopnia, drugiego stopnia, jednolitych magisterskich stacjonarnych i niestacjonarnych oraz studi\u00f3w podyplomowych przygotowuj\u0105cych do wykonywania zawodu nauczyciela zgodnie z obowi\u0105zuj\u0105cym Standardem i innymi, [&hellip;]<\/p>\n","protected":false},"author":1,"featured_media":0,"parent":0,"menu_order":0,"comment_status":"closed","ping_status":"closed","template":"","meta":{"footnotes":""},"class_list":["post-18","page","type-page","status-publish","hentry"],"_links":{"self":[{"href":"https:\/\/cen.ujk.edu.pl\/new\/wp-json\/wp\/v2\/pages\/18","targetHints":{"allow":["GET"]}}],"collection":[{"href":"https:\/\/cen.ujk.edu.pl\/new\/wp-json\/wp\/v2\/pages"}],"about":[{"href":"https:\/\/cen.ujk.edu.pl\/new\/wp-json\/wp\/v2\/types\/page"}],"author":[{"embeddable":true,"href":"https:\/\/cen.ujk.edu.pl\/new\/wp-json\/wp\/v2\/users\/1"}],"replies":[{"embeddable":true,"href":"https:\/\/cen.ujk.edu.pl\/new\/wp-json\/wp\/v2\/comments?post=18"}],"version-history":[{"count":4,"href":"https:\/\/cen.ujk.edu.pl\/new\/wp-json\/wp\/v2\/pages\/18\/revisions"}],"predecessor-version":[{"id":634,"href":"https:\/\/cen.ujk.edu.pl\/new\/wp-json\/wp\/v2\/pages\/18\/revisions\/634"}],"wp:attachment":[{"href":"https:\/\/cen.ujk.edu.pl\/new\/wp-json\/wp\/v2\/media?parent=18"}],"curies":[{"name":"wp","href":"https:\/\/api.w.org\/{rel}","templated":true}]}}