{"id":36,"date":"2022-09-16T11:57:32","date_gmt":"2022-09-16T09:57:32","guid":{"rendered":"https:\/\/cen.ujk.edu.pl\/new\/?page_id=36"},"modified":"2023-12-29T08:25:19","modified_gmt":"2023-12-29T07:25:19","slug":"dyzury","status":"publish","type":"page","link":"https:\/\/cen.ujk.edu.pl\/new\/dyzury\/","title":{"rendered":"DY\u017bURY"},"content":{"rendered":"\r\n<h2 class=\"wp-block-heading\">Dy\u017cury pracownik\u00f3w uczelnianego Centrum Edukacji Nauczycielskiej<\/h2>\r\n\r\n\r\n\r\n<h3 class=\"wp-block-heading\">DY\u017bURY \/ KONSULTACJE<\/h3>\r\n\r\n\r\n\r\n<p>Dy\u017cury\/konsultacje nauczycieli akademickich odbywaj\u0105 si\u0119 w siedzibie CEN &#8211; w budynku Wydzia\u0142u Pedagogiki i Psychologii, ul Krakowska 11, pok. 231.<\/p>\r\n\r\n\r\n\r\n<ul class=\"wp-block-list\">\r\n<li>mgr Aleksandra Kary\u015b, psycholog, czwartek 13:30-15:30<\/li>\r\n<li>dr Katarzyna Krzystanek, psycholog, czwartek 13:30-15:30<\/li>\r\n<li>dr Anna Ozga, pedagog, czwartek 13:30-15:30<\/li>\r\n<li>dr Katarzyna Palka, pedagog, czwartek 13.30-15.30<\/li>\r\n<\/ul>\r\n","protected":false},"excerpt":{"rendered":"<p>Dy\u017cury pracownik\u00f3w uczelnianego Centrum Edukacji Nauczycielskiej DY\u017bURY \/ KONSULTACJE Dy\u017cury\/konsultacje nauczycieli akademickich odbywaj\u0105 si\u0119 w siedzibie CEN &#8211; w budynku Wydzia\u0142u Pedagogiki i Psychologii, ul Krakowska 11, pok. 231. mgr Aleksandra Kary\u015b, psycholog, czwartek 13:30-15:30 dr Katarzyna Krzystanek, psycholog, czwartek 13:30-15:30 dr Anna Ozga, pedagog, czwartek 13:30-15:30 dr Katarzyna Palka, pedagog, czwartek 13.30-15.30<\/p>\n","protected":false},"author":1,"featured_media":0,"parent":0,"menu_order":0,"comment_status":"closed","ping_status":"closed","template":"","meta":{"footnotes":""},"class_list":["post-36","page","type-page","status-publish","hentry"],"_links":{"self":[{"href":"https:\/\/cen.ujk.edu.pl\/new\/wp-json\/wp\/v2\/pages\/36","targetHints":{"allow":["GET"]}}],"collection":[{"href":"https:\/\/cen.ujk.edu.pl\/new\/wp-json\/wp\/v2\/pages"}],"about":[{"href":"https:\/\/cen.ujk.edu.pl\/new\/wp-json\/wp\/v2\/types\/page"}],"author":[{"embeddable":true,"href":"https:\/\/cen.ujk.edu.pl\/new\/wp-json\/wp\/v2\/users\/1"}],"replies":[{"embeddable":true,"href":"https:\/\/cen.ujk.edu.pl\/new\/wp-json\/wp\/v2\/comments?post=36"}],"version-history":[{"count":4,"href":"https:\/\/cen.ujk.edu.pl\/new\/wp-json\/wp\/v2\/pages\/36\/revisions"}],"predecessor-version":[{"id":266,"href":"https:\/\/cen.ujk.edu.pl\/new\/wp-json\/wp\/v2\/pages\/36\/revisions\/266"}],"wp:attachment":[{"href":"https:\/\/cen.ujk.edu.pl\/new\/wp-json\/wp\/v2\/media?parent=36"}],"curies":[{"name":"wp","href":"https:\/\/api.w.org\/{rel}","templated":true}]}}