{"id":58,"date":"2022-09-27T08:23:12","date_gmt":"2022-09-27T06:23:12","guid":{"rendered":"https:\/\/cen.ujk.edu.pl\/new\/?page_id=58"},"modified":"2023-11-06T14:35:04","modified_gmt":"2023-11-06T13:35:04","slug":"praktyka-zawodowa","status":"publish","type":"page","link":"https:\/\/cen.ujk.edu.pl\/new\/praktyka-zawodowa\/","title":{"rendered":"Praktyka zawodowa do roku 2022\/2023"},"content":{"rendered":"<h2>Dokumentacja obowi\u0105zuj\u0105ca od roku akademickiego 2022\/2023<\/h2>\n<h2>Studia I stopnia<\/h2>\n<ul>\n<li><a href=\"https:\/\/cen.ujk.edu.pl\/new\/pliki\/praktyki\/1\/01-wniosek.pdf\" target=\"_blank\" rel=\"noopener\">Wniosek o przyj\u0119cie na praktyk\u0119 \/ *.pdf<\/a><\/li>\n<li><a href=\"https:\/\/cen.ujk.edu.pl\/new\/pliki\/praktyki\/1\/02-potwierdzenie.doc\" target=\"_blank\" rel=\"noopener\">Potwierdzenie przyj\u0119cia na praktyk\u0119 \/ *.doc<\/a><\/li>\n<li><a href=\"https:\/\/cen.ujk.edu.pl\/new\/pliki\/praktyki\/1\/03-umowa.docx\" target=\"_blank\" rel=\"noopener\">Umowa o sporz\u0105dzenie recenzji z praktyki \/ *.docx<\/a><\/li>\n<li><a href=\"https:\/\/cen.ujk.edu.pl\/new\/pliki\/praktyki\/1\/04-rachunek.doc\" target=\"_blank\" rel=\"noopener\">Rachunek za sporz\u0105dzenie recenzji z praktyki \/ *.doc<\/a><\/li>\n<li><a href=\"https:\/\/cen.ujk.edu.pl\/new\/pliki\/praktyki\/1\/05-karta.docx\" target=\"_blank\" rel=\"noopener\">Karta informacyjna z przebiegu praktyki \/ *.docx<\/a><\/li>\n<li><a href=\"https:\/\/cen.ujk.edu.pl\/new\/pliki\/praktyki\/1\/06-dziennik.doc\" target=\"_blank\" rel=\"noopener\">Dzienniczek praktyk \/ *.doc<\/a><\/li>\n<li><a href=\"https:\/\/cen.ujk.edu.pl\/new\/pliki\/praktyki\/1\/07-identyfikator.docx\" target=\"_blank\" rel=\"noopener\">Identyfikator \/ *.docx<\/a><\/li>\n<li><a href=\"https:\/\/cen.ujk.edu.pl\/new\/pliki\/praktyki\/1\/08-recenzja.docx\" target=\"_blank\" rel=\"noopener\">Druk recenzji \/ *.docx<\/a><\/li>\n<li><a href=\"https:\/\/cen.ujk.edu.pl\/new\/pliki\/praktyki\/1\/09-recenzja-zdalne.docx\" target=\"_blank\" rel=\"noopener\">Druk recenzji praktyki zdalnej \/ *.docx<\/a><\/li>\n<li><a href=\"https:\/\/cen.ujk.edu.pl\/new\/pliki\/praktyki\/1\/10-aneks-zdalne.docx\" target=\"_blank\" rel=\"noopener\">Aneks do umowy o sporz\u0105dzenie recenzji &#8211; praktyka zdalna \/ *.docx<\/a><\/li>\n<\/ul>\n<h2>Studia II stopnia<\/h2>\n<ul>\n<li><a href=\"https:\/\/cen.ujk.edu.pl\/new\/pliki\/praktyki\/2\/01-wniosek.pdf\">Wniosek o przyj\u0119cie na praktyk\u0119 \/*.pdf<\/a><\/li>\n<li><a href=\"https:\/\/cen.ujk.edu.pl\/new\/pliki\/praktyki\/2\/02-potwierdzenie.doc\" target=\"_blank\" rel=\"noopener\">Potwierdzenie przyj\u0119cia na praktyk\u0119 \/*.doc<\/a><\/li>\n<li><a href=\"https:\/\/cen.ujk.edu.pl\/new\/pliki\/praktyki\/2\/03-umowa.docx\" target=\"_blank\" rel=\"noopener\">Umowa o sporz\u0105dzenie recenzji z praktyki \/ *.docx<\/a><\/li>\n<li><a href=\"https:\/\/cen.ujk.edu.pl\/new\/pliki\/praktyki\/2\/04-rachunek.doc\" target=\"_blank\" rel=\"noopener\">Rachunek za sporz\u0105dzenie recenzji z praktyki \/ *.doc<\/a><\/li>\n<li><a href=\"https:\/\/cen.ujk.edu.pl\/new\/pliki\/praktyki\/2\/05-karta.docx\" target=\"_blank\" rel=\"noopener\">Karta informacyjna z przebiegu praktyki \/ *.docx<\/a><\/li>\n<li><a href=\"https:\/\/cen.ujk.edu.pl\/new\/pliki\/praktyki\/2\/06-dziennik.doc\" target=\"_blank\" rel=\"noopener\">Dzienniczek praktyk \/ *.doc<\/a><\/li>\n<li><a href=\"https:\/\/cen.ujk.edu.pl\/new\/pliki\/praktyki\/2\/07-identyfikator.docx\" target=\"_blank\" rel=\"noopener\">Identyfikator \/ *.docx<\/a><\/li>\n<li><a href=\"https:\/\/cen.ujk.edu.pl\/new\/pliki\/praktyki\/2\/08-recenzja.docx\" target=\"_blank\" rel=\"noopener\">Druk recenzji \/ *.docx<\/a><\/li>\n<li><a href=\"https:\/\/cen.ujk.edu.pl\/new\/pliki\/praktyki\/2\/09-recenzja-zdalne.docx\" target=\"_blank\" rel=\"noopener\">Druk recenzji praktyki zdalnej \/ *.docx<\/a><\/li>\n<li><a href=\"https:\/\/cen.ujk.edu.pl\/new\/pliki\/praktyki\/2\/10-aneks-zdalne.docx\" target=\"_blank\" rel=\"noopener\">Aneks do umowy o sporz\u0105dzenie recenzji &#8211; praktyka zdalna \/ *.docx<\/a><\/li>\n<\/ul>\n<h2>Pozosta\u0142e dokumenty<\/h2>\n<ul>\n<li><a href=\"https:\/\/cen.ujk.edu.pl\/new\/pliki\/praktyki\/cen-proc-praktyki.pdf\" target=\"_blank\" rel=\"noopener\">Procedura odbywania i dokumentowania praktyk organizowanych przez CEN \/ *.pdf<\/a><\/li>\n<li><a href=\"https:\/\/cen.ujk.edu.pl\/new\/pliki\/praktyki\/2021-komunikat.pdf\" target=\"_blank\" rel=\"noopener\">Informacja o praktykach w roku akademickim 2022\/23 \/ *.pdf<\/a><\/li>\n<li><a href=\"https:\/\/cen.ujk.edu.pl\/new\/pliki\/praktyki\/rozp-stand-praktyki.pdf\" target=\"_blank\" rel=\"noopener\">Rozporz\u0105dzenie Ministra Edukacji i Nauki zmieniaj\u0105ce rozporz\u0105dzenie w sprawie standardu kszta\u0142cenia przygotowuj\u0105cego do zawodu nauczyciela \/ *.pdf<\/a><\/li>\n<\/ul>\n<p>Pozosta\u0142e dokumenty i informacje dotycz\u0105ce realizacji praktyki zawodowej psychologiczno-pedagogicznej:<\/p>\n<ul>\n<li>autorski program praktyk w praktyk zawodowych psychologiczno-pedagogicznych z wykorzystaniem metod i technik kszta\u0142cenia na odleg\u0142o\u015b\u0107<\/li>\n<li>instrukcja praktyk (prezentacja Power Point)<\/li>\n<\/ul>\n<p>dost\u0119pne s\u0105 w aplikacji Teams.<\/p>\n","protected":false},"excerpt":{"rendered":"<p>Dokumentacja obowi\u0105zuj\u0105ca od roku akademickiego 2022\/2023 Studia I stopnia Wniosek o przyj\u0119cie na praktyk\u0119 \/ *.pdf Potwierdzenie przyj\u0119cia na praktyk\u0119 \/ *.doc Umowa o sporz\u0105dzenie recenzji z praktyki \/ *.docx Rachunek za sporz\u0105dzenie recenzji z praktyki \/ *.doc Karta informacyjna z przebiegu praktyki \/ *.docx Dzienniczek praktyk \/ *.doc Identyfikator \/ *.docx Druk recenzji \/ [&hellip;]<\/p>\n","protected":false},"author":1,"featured_media":0,"parent":0,"menu_order":0,"comment_status":"closed","ping_status":"closed","template":"","meta":{"footnotes":""},"class_list":["post-58","page","type-page","status-publish","hentry"],"_links":{"self":[{"href":"https:\/\/cen.ujk.edu.pl\/new\/wp-json\/wp\/v2\/pages\/58","targetHints":{"allow":["GET"]}}],"collection":[{"href":"https:\/\/cen.ujk.edu.pl\/new\/wp-json\/wp\/v2\/pages"}],"about":[{"href":"https:\/\/cen.ujk.edu.pl\/new\/wp-json\/wp\/v2\/types\/page"}],"author":[{"embeddable":true,"href":"https:\/\/cen.ujk.edu.pl\/new\/wp-json\/wp\/v2\/users\/1"}],"replies":[{"embeddable":true,"href":"https:\/\/cen.ujk.edu.pl\/new\/wp-json\/wp\/v2\/comments?post=58"}],"version-history":[{"count":30,"href":"https:\/\/cen.ujk.edu.pl\/new\/wp-json\/wp\/v2\/pages\/58\/revisions"}],"predecessor-version":[{"id":264,"href":"https:\/\/cen.ujk.edu.pl\/new\/wp-json\/wp\/v2\/pages\/58\/revisions\/264"}],"wp:attachment":[{"href":"https:\/\/cen.ujk.edu.pl\/new\/wp-json\/wp\/v2\/media?parent=58"}],"curies":[{"name":"wp","href":"https:\/\/api.w.org\/{rel}","templated":true}]}}