{"id":88,"date":"2022-09-27T09:12:40","date_gmt":"2022-09-27T07:12:40","guid":{"rendered":"https:\/\/cen.ujk.edu.pl\/new\/?page_id=88"},"modified":"2025-09-26T07:27:54","modified_gmt":"2025-09-26T05:27:54","slug":"sciezka-nauczycielska","status":"publish","type":"page","link":"https:\/\/cen.ujk.edu.pl\/new\/sciezka-nauczycielska\/","title":{"rendered":"\u015acie\u017cka nauczycielska"},"content":{"rendered":"<h2>\u015acie\u017cka nauczycielska &#8211; wykaz przedmiot\u00f3w<\/h2>\n<p>Pobierz dokument w formacie <a href=\"https:\/\/cen.ujk.edu.pl\/new\/wp-content\/uploads\/2025\/09\/sciezka-nauczycielska-wykaz-przedmiotow.pdf\" target=\"_blank\" rel=\"noopener\">[.PDF]<\/a><\/p>\n","protected":false},"excerpt":{"rendered":"<p>\u015acie\u017cka nauczycielska &#8211; wykaz przedmiot\u00f3w Pobierz dokument w formacie [.PDF]<\/p>\n","protected":false},"author":1,"featured_media":0,"parent":0,"menu_order":0,"comment_status":"closed","ping_status":"closed","template":"","meta":{"footnotes":""},"class_list":["post-88","page","type-page","status-publish","hentry"],"_links":{"self":[{"href":"https:\/\/cen.ujk.edu.pl\/new\/wp-json\/wp\/v2\/pages\/88","targetHints":{"allow":["GET"]}}],"collection":[{"href":"https:\/\/cen.ujk.edu.pl\/new\/wp-json\/wp\/v2\/pages"}],"about":[{"href":"https:\/\/cen.ujk.edu.pl\/new\/wp-json\/wp\/v2\/types\/page"}],"author":[{"embeddable":true,"href":"https:\/\/cen.ujk.edu.pl\/new\/wp-json\/wp\/v2\/users\/1"}],"replies":[{"embeddable":true,"href":"https:\/\/cen.ujk.edu.pl\/new\/wp-json\/wp\/v2\/comments?post=88"}],"version-history":[{"count":5,"href":"https:\/\/cen.ujk.edu.pl\/new\/wp-json\/wp\/v2\/pages\/88\/revisions"}],"predecessor-version":[{"id":493,"href":"https:\/\/cen.ujk.edu.pl\/new\/wp-json\/wp\/v2\/pages\/88\/revisions\/493"}],"wp:attachment":[{"href":"https:\/\/cen.ujk.edu.pl\/new\/wp-json\/wp\/v2\/media?parent=88"}],"curies":[{"name":"wp","href":"https:\/\/api.w.org\/{rel}","templated":true}]}}